 = s + w. What is the units digit of q?
0
Let w = -9 + 8. Let n be (5*w)/(0 - 1). Suppose 4*o + n*a = -8, 0 = -0*o - 2*o - 4*a - 10. What is the units digit of o?
3
Let i be 48/15 + (-2)/10. Let u = 2 + i. What is the units digit of u?
5
Suppose 2*x + 4 = 48. What is the tens digit of x?
2
What is the units digit of 176/40 + (-4)/10?
4
Let z = -32 - -63. Suppose 3*a + l + l = z, -2*a - l = -19. What is the units digit of a?
7
Let t(v) = 2*v**3 - v**2 - 4*v - 1. Let n(g) = g + 11. Let p be n(-8). Let j be t(p). What is the units digit of (2/4)/(2/j)?
8
Suppose 0 = 2*y - 27 - 23. What is the tens digit of (4/10)/(1/y)?
1
Let z(o) = -2*o - 6. What is the units digit of z(-6)?
6
Suppose 3*h = -8 + 32. Let q(o) = o**3 - 7*o**2 - 6*o + 2. What is the units digit of q(h)?
8
Let v = 7 + -7. Let a(u) = u**2 + u + 6. Let y be a(v). Let j(c) = c**2 - 5*c - 3. What is the units digit of j(y)?
3
What is the tens digit of (-153)/((-9)/3) - -1?
5
Suppose 5*y = -488 + 2278. What is the hundreds digit of y?
3
Let q(s) = 7*s**2 - 2*s - 2. Let m be q(2). Let x = 47 - m. What is the tens digit of x?
2
Let r = 44 + -8. What is the tens digit of r?
3
Suppose 4*a = -2*n - a + 244, -366 = -3*n + 4*a. What is the units digit of n?
2
What is the tens digit of (-3 + 4)/((-2)/(-24*6))?
7
Let p(m) = -m**3 - 8*m**2 - m - 6. Let t be p(-8). Suppose 2*g + t*u = 14, g + u = 2*u - 3. What is the units digit of 10 - -1*(0 + g)?
2
Suppose t + 4 = 2*t. Suppose 6*v + 2 = t*v - h, 2*h + 4 = 5*v. Suppose 4*z - 2*p = -v*p + 20, 3*z + p = 15. What is the units digit of z?
5
Suppose -4*x + 34 = 2*l, 0 = 5*x + 2*l - 55 + 13. What is the units digit of x?
8
Let s = -290 - -464. What is the units digit of s?
4
Let s = 5 - -3. Suppose -4*x = -5*r + 17, 0*x - 2*r = 2*x - 14. Suppose x*m = s + 8. What is the units digit of m?
8
What is the tens digit of 13 - ((-3 - -2) + 0)?
1
Let w be -3 - (-2 - -4 - 40). Let j = w - 13. What is the units digit of j?
2
Let z be (2/(-2))/(1/(-5)). Suppose t - 40 = z*t. What is the units digit of (-12)/t*(-10)/(-3)?
4
Suppose 59 = -3*b + 215. What is the tens digit of b?
5
Suppose -72 = -2*s - s. What is the units digit of s?
4
Let m(y) = 4*y**2 + 2*y - 2. What is the units digit of m(-5)?
8
Let f(r) = r**3 + 10*r**2 + 8*r - 1. Let o(i) = -10*i**2 + 1. Let l be o(1). What is the units digit of f(l)?
8
Suppose 4*p + 4*t - 48 = 0, -2*t + 46 = 4*p + 8. Suppose -4*u + 3*u + p = 0. Let q = u - 5. What is the units digit of q?
2
Suppose -8*v + 3*w - 3 = -4*v, 15 = -5*w. Let s = v + 5. Suppose -l + s*l = 16. What is the tens digit of l?
1
Let l(w) = 3*w**2 - 2. Let k(h) = 2*h**3 - h**2 - h - 1. Let n be k(-1). What is the tens digit of l(n)?
2
Let w = -1 - -7. Let s(a) = -a**2 - a - 1. Let d(n) = -7*n**2 - 3. Let c(t) = d(t) - 6*s(t). What is the units digit of c(w)?
3
Suppose 2*n = 3*f + 53, -n + 5*n - 2*f - 118 = 0. What is the tens digit of n?
3
Let k(n) = -n**3 - 6*n**2 - 6*n + 7. Let g be k(-5). Let v be (g/(-7))/(2/(-7)). What is the units digit of ((-44)/v)/(2/(-3))?
1
Let h = 69 + -26. What is the units digit of h?
3
Let o(c) = -c**2 - 8*c - 3. Let l(q) = q**2 + 8*q + 4. Let v(k) = 3*l(k) + 2*o(k). What is the units digit of v(-9)?
5
Suppose 7 = 4*u + f + 2*f, 5*u - 5*f - 35 = 0. Suppose -6 = 2*b, 2*g - 6*b + 2*b = 72. Suppose z - 6*z = u*o - g, 0 = 3*o. What is the units digit of z?
6
Let o = -56 + 87. What is the tens digit of o?
3
Suppose 4*s - 3 = 5*l + 2, -2*s = l - 13. Suppose 2*x + 3*y - 4 = -3, 0 = -5*x + s*y + 15. Suppose 3*u - 5 = x*u. What is the units digit of u?
5
Suppose 3*q = -0*q - 3. Let w be q/(-3)*(-30)/5. Let g = w + 8. What is the units digit of g?
6
Suppose -5 = 7*i - 2*i. Let y = i + -1. Let n = y - -13. What is the units digit of n?
1
Suppose 3*x - 4*l = x + 52, 2*x + l - 72 = 0. What is the tens digit of x?
3
Let d(c) = -4*c**3 - 5*c**2 - 10*c - 15. Let u(z) = 11*z**3 + 16*z**2 + 29*z + 45. Let b(t) = 8*d(t) + 3*u(t). What is the tens digit of b(-6)?
4
What is the tens digit of 4326/63 + (-10)/6?
6
Let z(x) = x**2 - 3*x + 2. Let p be z(3). What is the units digit of (-92)/(-4) + (p - 3)?
2
Suppose s + 5 = 2*q - 4*s, -2*q + s + 1 = 0. Let n(u) = 3*u**2 + u. Let i be n(-1). Suppose q*k - k = -i*v + 24, 2 = -v + 4*k. What is the units digit of v?
4
Let f(d) = 8*d**2 + 1. Let k be ((-20)/(-6))/(2/3). Let n = k + -6. What is the units digit of f(n)?
9
Let b = 13 + 2. What is the tens digit of b?
1
Let n = 8 + -6. Suppose -14 = -2*o + n*y, 6 = 2*y - 4*y. What is the units digit of o?
4
What is the tens digit of -1 + 27 + 2 - 3?
2
Let r = 147 - 84. Suppose -h + r = -0*h + 5*j, 5*h - 4*j = 170. What is the units digit of h?
8
Let h(a) be the first derivative of -a**2/2 - 3. Let m be h(7). Let k = m - -8. What is the units digit of k?
1
Suppose 2*m = -2*m + 196. Let j = m - 7. What is the units digit of j?
2
Suppose -4*s - p = p - 354, -4*p = 4. What is the tens digit of s?
8
Suppose -4*r + 25 - 1 = 0. Suppose 4 = -3*z + 13. What is the tens digit of z*r + 0 - 3?
1
Let k = 87 - 47. What is the units digit of k?
0
Let v(i) be the first derivative of -i**4/4 + 2*i**3 - 3*i**2 + 7*i - 1. What is the units digit of v(5)?
2
Suppose 3*r + a = 43, r - 11 = -a - 0*a. Suppose 4*j - r = 2*j. What is the units digit of j?
8
Suppose -2*o - 5*x = -80, 80 = 2*o - 2*x - 2*x. Suppose -32 + 12 = -4*i - b, 0 = -5*i - 5*b + o. Let d = i - 2. What is the units digit of d?
2
Let p(m) = m**2 + 27*m - 41. What is the tens digit of p(-35)?
3
Let l(n) be the first derivative of -n**3/3 + 4*n**2 - 8*n + 5. Let o be (-2)/(-2) + (3 - -2). What is the units digit of l(o)?
4
Let z = 8 + -3. Suppose -3*o + 15 = 2*k + k, z*o + 3*k - 15 = 0. Suppose o = -3*i - 5*u + 42, i + 2*i = u + 24. What is the units digit of i?
9
Let z = 0 - 3. Let r(u) = u**3 + 5*u**2 + 3*u - 4. Let p be r(z). Let q = p - -9. What is the tens digit of q?
1
Let a(p) be the second derivative of -p**3/3 + 2*p. Let u be a(-1). Suppose -x + 6*x - v = 47, 5*v = u*x - 5. What is the units digit of x?
0
Suppose l - 2*f = -2*l + 257, -3*l + 261 = -3*f. What is the units digit of l?
3
Let u = 5 + -7. Let k = 3 + u. What is the units digit of 0 - (-8)/k*1?
8
Let m(i) = 8*i**2 - 3*i - 3. What is the units digit of m(-1)?
8
Suppose 2*t + 4 = 4*t. Suppose 4*g + 58 - 98 = 0. Suppose t*i + 0*i + 2*z - g = 0, 4*z = 4*i + 12. What is the units digit of i?
1
What is the units digit of (-2 - -50)*(10/6 - 0)?
0
Suppose 19*x = 18*x + 5. Let g(b) = b**3 + 8*b**2 + 4*b + 5. Let v be g(-6). Suppose -x*z = -v - 2. What is the tens digit of z?
1
Let x = 3 - -17. What is the units digit of x?
0
Let o be (-1 - 2/(-6))*-3. Suppose 0*z + 2*z + 3*k - 21 = 0, 0 = 3*z - k - 4. Suppose -8 + o = -z*b. What is the units digit of b?
2
Let v = -116 + 219. What is the hundreds digit of v?
1
Let x = 5 + -7. Let p = 12 + x. What is the units digit of p?
0
Let b(i) be the third derivative of i**4/24 - i**3/6 + 4*i**2. Let c(q) = -q**3 + 6*q**2 + q + 3. Let y be c(6). What is the units digit of b(y)?
8
Let a be 16/10 - 6/(-15). Let l = a + -2. Suppose f + b = 10, l = 2*b - 7 + 3. What is the units digit of f?
8
Let d = 20 + -15. Suppose 6 + 0 = 3*j. Let z = d - j. What is the units digit of z?
3
Suppose -z - 7 = -1. Let w = -3 - z. Suppose 3*d + 3 = -3*m, -6 = -m + w*d + 5. What is the units digit of m?
2
Let u(g) = -g - 1. Let r be u(-6). Suppose 0 = 3*h - 5*j + 10 + 9, 4*h - 4*j + 12 = 0. What is the units digit of (r/((-5)/(-6)))/h?
3
Let g = -4 + -2. Let r(b) = b**3 + 7*b**2 + 2*b. What is the tens digit of r(g)?
2
Let y = 116 + -75. Let d(q) = q**2 - 12*q + 39. Let p be d(11). Let c = y - p. What is the units digit of c?
3
Let b(x) = x**3 + 6*x**2 + 4*x + 7. Let i be b(-5). Let a be 2 + i/(-4 + 3). Let p = 0 - a. What is the units digit of p?
0
What is the tens digit of (66 + 3)/(4 - 1)?
2
Suppose 4*a + 2*z - 75 = 123, 2*a + 4*z - 108 = 0. What is the units digit of a?
8
Let n(v) = -2*v + 7. What is the units digit of n(-10)?
7
Suppose 2*u = 5*u + 9. What is the tens digit of (u/(-9))/(1/57)?
1
Let n(o) = o - 7. Let d be n(9). Suppose d*p = -2*p + 76. What is the units digit of p?
9
Suppose r = -4*r + 45. Let k be 10/(-45) + 47/r. What is the units digit of 8/k - 2/(-5)?
2
Suppose 677 = 5*c + 7. What is the hundreds digit of c?
1
Supp